{"id":8,"date":"2013-02-20T03:48:14","date_gmt":"2013-02-20T03:48:14","guid":{"rendered":"https:\/\/fastn-easy.com\/?page_id=8"},"modified":"2024-02-16T12:24:14","modified_gmt":"2024-02-16T19:24:14","slug":"personal","status":"publish","type":"page","link":"https:\/\/fastn-easy.com\/?page_id=8","title":{"rendered":"Personal"},"content":{"rendered":"<h2><a href=\"https:\/\/fastn-easy.com\/wp-content\/uploads\/2013\/02\/Lorena.jpg\"><img loading=\"lazy\" class=\"wp-image-416 aligncenter\" src=\"https:\/\/fastn-easy.com\/wp-content\/uploads\/2013\/02\/Lorena.jpg\" alt=\"Lorena\" width=\"317\" height=\"212\" srcset=\"https:\/\/fastn-easy.com\/wp-content\/uploads\/2013\/02\/Lorena.jpg 911w, https:\/\/fastn-easy.com\/wp-content\/uploads\/2013\/02\/Lorena-300x200.jpg 300w, https:\/\/fastn-easy.com\/wp-content\/uploads\/2013\/02\/Lorena-624x417.jpg 624w\" sizes=\"(max-width: 317px) 100vw, 317px\" \/><\/a><\/h2>\n<h1 style=\"text-align: left;\"><b>Lorena F\u00e9lix<\/b><\/h1>\n<h3 style=\"text-align: left;\"><b><i>Fundadora<\/i><\/b><\/h3>\n<p style=\"text-align: left;\">Lorena F\u00e9lix fue la fundadora del proyecto <span style=\"color: #800000;\"><em><strong>fast \u2019n easy<\/strong><\/em><\/span>. Desde el comienzo, fue una pieza clave en la formaci\u00f3n de maestros.<\/p>\n<hr \/>\n<p><a href=\"https:\/\/fastn-easy.com\/wp-content\/uploads\/2013\/02\/ALAN.jpg\"><img loading=\"lazy\" class=\"wp-image-373 aligncenter\" src=\"https:\/\/fastn-easy.com\/wp-content\/uploads\/2013\/02\/ALAN-659x1024.jpg\" alt=\"ALAN\" width=\"211\" height=\"328\" srcset=\"https:\/\/fastn-easy.com\/wp-content\/uploads\/2013\/02\/ALAN-659x1024.jpg 659w, https:\/\/fastn-easy.com\/wp-content\/uploads\/2013\/02\/ALAN-193x300.jpg 193w, https:\/\/fastn-easy.com\/wp-content\/uploads\/2013\/02\/ALAN-624x969.jpg 624w, https:\/\/fastn-easy.com\/wp-content\/uploads\/2013\/02\/ALAN.jpg 739w\" sizes=\"(max-width: 211px) 100vw, 211px\" \/><\/a><\/p>\n<h1 style=\"text-align: left;\"><strong>Al\u00e1n Casanova<\/strong><\/h1>\n<h6 style=\"text-align: left;\">Lic. en Ense\u00f1anza de ingl\u00e9s y M.C. en Docencia<\/h6>\n<h2 style=\"text-align: left;\"><b style=\"font-size: 1.142857143rem; line-height: 1.846153846;\"><i>Director Acad\u00e9mico<\/i><\/b><\/h2>\n<p style=\"text-align: left;\">Al\u00e1n Casanova ha sido miembro del staff de <span style=\"color: #800000;\"><em><strong>fast \u2018n easy<\/strong><\/em><\/span>\u00a0 desde 1997.<br \/>\nSe ha desarrollado como instructor de ingl\u00e9s por m\u00e1s de 15 a\u00f1os,\u00a0 Ha estado a cargo en la capacitaci\u00f3n de nuevos instructores con el m\u00e9todo de <em><strong><span style=\"color: #800000;\">fast \u2018n easy<\/span>.<\/strong><\/em> Actualmente est\u00e1 a cargo del \u00e1rea acad\u00e9mica, dise\u00f1ando nuevos niveles y actualizando el curso del instituto.<br \/>\nCuenta con Licenciatura en Ense\u00f1anza de ingl\u00e9s y Traducci\u00f3n de la Universidad de Sonora y Maestr\u00eda\u00a0 en Docencia en el Instituto del Desierto de Santa Ana.\u00a0Actualmente cursa un doctorado en Docencia en la misma instituci\u00f3n.<\/p>\n<hr \/>\n<p><a href=\"https:\/\/fastn-easy.com\/wp-content\/uploads\/2013\/02\/EDGARD.jpg\"><img loading=\"lazy\" class=\"wp-image-377 aligncenter\" src=\"https:\/\/fastn-easy.com\/wp-content\/uploads\/2013\/02\/EDGARD-599x1024.jpg\" alt=\"EDGARD\" width=\"185\" height=\"316\" srcset=\"https:\/\/fastn-easy.com\/wp-content\/uploads\/2013\/02\/EDGARD-599x1024.jpg 599w, https:\/\/fastn-easy.com\/wp-content\/uploads\/2013\/02\/EDGARD-175x300.jpg 175w, https:\/\/fastn-easy.com\/wp-content\/uploads\/2013\/02\/EDGARD-624x1066.jpg 624w, https:\/\/fastn-easy.com\/wp-content\/uploads\/2013\/02\/EDGARD.jpg 984w\" sizes=\"(max-width: 185px) 100vw, 185px\" \/><\/a><\/p>\n<h1 style=\"text-align: left;\"><b>Edgard Amavizca \u00a0\u00a0<\/b><\/h1>\n<h3 style=\"text-align: left;\"><b><i>Supervisor de control de calidad e instructor de ingl\u00e9s<\/i><\/b><\/h3>\n<p style=\"text-align: left;\">Edgard forma parte del staff de <span style=\"color: #800000;\"><em><strong>fast&#8217;n easy<\/strong><\/em><\/span> desde el a\u00f1o 2002. Ha laborado en el Instituto por m\u00e1s de 14 a\u00f1os, y actualmente se desempe\u00f1a como supervisor e instructor del mismo. Adem\u00e1s colabora en la capacitaci\u00f3n en el m\u00e9todo de <span style=\"color: #800000;\"><em><strong>fast&#8217;n easy<\/strong><\/em><\/span> de los nuevos instructores. Actualmente cursa la Licenciatura en la Ense\u00f1anza del ingl\u00e9s en la Universidad de Sonora<\/p>\n<hr \/>\n<p><a href=\"https:\/\/fastn-easy.com\/wp-content\/uploads\/2013\/02\/MARISOL.jpg\" rel=\"attachment wp-att-371\"><img loading=\"lazy\" class=\"aligncenter wp-image-371\" src=\"https:\/\/fastn-easy.com\/wp-content\/uploads\/2013\/02\/MARISOL-701x1024.jpg\" alt=\"MARISOL\" width=\"188\" height=\"275\" srcset=\"https:\/\/fastn-easy.com\/wp-content\/uploads\/2013\/02\/MARISOL-701x1024.jpg 701w, https:\/\/fastn-easy.com\/wp-content\/uploads\/2013\/02\/MARISOL-205x300.jpg 205w, https:\/\/fastn-easy.com\/wp-content\/uploads\/2013\/02\/MARISOL-624x911.jpg 624w, https:\/\/fastn-easy.com\/wp-content\/uploads\/2013\/02\/MARISOL.jpg 824w\" sizes=\"(max-width: 188px) 100vw, 188px\" \/><\/a><\/p>\n<h1>Marisol Valenzuela Alvarez<\/h1>\n<h3>Profesora<\/h3>\n<p>Marisol ha formado parte del instituto desde el 2013. \u00a0Gracias a sus dotes de liderazgo y gran sentido de perfeccionismo ha sido parte fundamental del desarrollo acad\u00e9mico y administrativo del instituto. Adem\u00e1s, ha participado en desarrollo de material did\u00e1ctico y evaluaci\u00f3n. Cuenta con una Licenciatura en Ense\u00f1anza del ingl\u00e9s de la Universidad de Sonora (UNISON),\u00a0entretenimiento que demuestra competentemente en cada clase que imparte.<\/p>\n<hr \/>\n<h1><\/h1>\n<h1><\/h1>\n<h1><\/h1>\n","protected":false},"excerpt":{"rendered":"<p>Lorena F\u00e9lix Fundadora Lorena F\u00e9lix fue la fundadora del proyecto fast \u2019n easy. Desde el comienzo, fue una pieza clave en la formaci\u00f3n de maestros. Al\u00e1n Casanova Lic. en Ense\u00f1anza de ingl\u00e9s y M.C. en Docencia Director Acad\u00e9mico Al\u00e1n Casanova ha sido miembro del staff de fast \u2018n easy\u00a0 desde 1997. Se ha desarrollado como [&hellip;]<\/p>\n","protected":false},"author":1,"featured_media":0,"parent":0,"menu_order":0,"comment_status":"open","ping_status":"open","template":"","meta":[],"_links":{"self":[{"href":"https:\/\/fastn-easy.com\/index.php?rest_route=\/wp\/v2\/pages\/8"}],"collection":[{"href":"https:\/\/fastn-easy.com\/index.php?rest_route=\/wp\/v2\/pages"}],"about":[{"href":"https:\/\/fastn-easy.com\/index.php?rest_route=\/wp\/v2\/types\/page"}],"author":[{"embeddable":true,"href":"https:\/\/fastn-easy.com\/index.php?rest_route=\/wp\/v2\/users\/1"}],"replies":[{"embeddable":true,"href":"https:\/\/fastn-easy.com\/index.php?rest_route=%2Fwp%2Fv2%2Fcomments&post=8"}],"version-history":[{"count":30,"href":"https:\/\/fastn-easy.com\/index.php?rest_route=\/wp\/v2\/pages\/8\/revisions"}],"predecessor-version":[{"id":786,"href":"https:\/\/fastn-easy.com\/index.php?rest_route=\/wp\/v2\/pages\/8\/revisions\/786"}],"wp:attachment":[{"href":"https:\/\/fastn-easy.com\/index.php?rest_route=%2Fwp%2Fv2%2Fmedia&parent=8"}],"curies":[{"name":"wp","href":"https:\/\/api.w.org\/{rel}","templated":true}]}}